 of 1572 and v?
12
Let q(l) = 41*l**2 + 3*l + 4. Let n be q(-1). Let b = 66 + -24. Let a = -28 + b. What is the highest common factor of n and a?
14
Let a = -17 + 20. Suppose 0 = a*u + 3*u - 30. Suppose -4*t = -5*n - 97, 3*n + 102 = u*t - 16. Calculate the highest common divisor of 253 and t.
23
Let z(p) = 2*p**3 - 91*p**2 - 134*p - 94. Let d be z(47). Calculate the greatest common divisor of 45355 and d.
235
Suppose -7*f - 47 = -159. Calculate the highest common divisor of f and 8624.
16
Let w be (60/(-240))/((-2)/(-8)) - -265. What is the highest common factor of w and 28?
4
Suppose 162 + 218 = 5*h. Let l = h + -54. Suppose -47*u = -51*u + 5*b + 112, -5*u = -5*b - 145. What is the greatest common divisor of l and u?
11
Let i(u) = -20*u**2 - u + 29238. Let s be i(0). Calculate the highest common factor of s and 66.
66
Suppose 3*p - 64 = 80. Let y be -3 + (-22)/(22/(-315)). What is the greatest common factor of p and y?
24
Let w = 2575 - 2379. Calculate the greatest common factor of 12 and w.
4
Let z be -4 - -3 - 7 - -3778. Suppose -9964 = -21*d + z. What is the greatest common divisor of 6 and d?
6
Let a be ((-18)/(-7))/(24/112). Suppose 0*d - a = -4*z + 4*d, 4*z + d - 7 = 0. Calculate the greatest common factor of z and 58.
2
Let r be ((-2)/(-10))/(-7*15/(-103425)) + -1. Calculate the greatest common divisor of r and 1274.
98
Let a = -3 + 19. Let x be (6/(-10))/(2/(-10)) + -1. Suppose x = 3*o - 10. Calculate the greatest common divisor of o and a.
4
Suppose t - 4*s - 282 = 459, 6*t = -2*s + 4472. Calculate the highest common divisor of 5 and t.
5
Let p(f) = -f**3 - 20*f**2 + 23*f + 50. Let y be p(-21). Suppose -9*j = -11*j. Suppose 288 = 4*d - j*d. Calculate the highest common factor of y and d.
8
Suppose 1341 = -2*q + 5501. Suppose 6*n = n + q. Let p(c) = -c**2 - 14*c + 28. Let i be p(-12). Calculate the highest common factor of n and i.
52
Suppose -411 = -8*w - 395. Let p be -34*(-3)/6 - 1. Calculate the greatest common factor of w and p.
2
Suppose 0*w = 4*w, 180 = 4*a - 5*w. Let y = a + -45. Suppose y = 34*x - 37*x + 132. What is the highest common divisor of 22 and x?
22
Let s be (6/(-4))/((-21)/(-4088)). Let r = 564 + s. What is the greatest common factor of 16 and r?
16
Suppose 5*o = 10, 4*h - 131 - 363 = 5*o. Calculate the highest common divisor of 171 and h.
9
Let m = -18344 - -19340. Calculate the highest common factor of m and 72.
12
Suppose -50 = -4*c + 2. Let k(j) = 2*j**2 - 17*j + 3. Let q be k(c). Suppose 2*p - q = -22. What is the highest common divisor of p and 7?
7
Let k = 260 + -90. Let s = -78 + 180. Calculate the greatest common divisor of k and s.
34
Suppose 0 = x - 2*i - 2502, 11*x - 15*x + 3*i + 9993 = 0. Calculate the highest common divisor of 12 and x.
12
Let v = -142 - -144. Suppose v*f - 6*f - 2*o = -300, 5*f - 2*o = 366. Let h = f + 19. What is the highest common divisor of 62 and h?
31
Suppose -19*w + 254 - 64 = 0. Let l be 76 - (w/15)/(2/(-12)). What is the greatest common divisor of 1040 and l?
80
Suppose 2*l + 65*l = -18*l + 338470. Calculate the highest common divisor of 22 and l.
22
Let i = -6436 - -6711. Calculate the highest common factor of 2585 and i.
55
Let t(i) = -i**3 + 44*i**2 + 217*i - 26. Let u be t(-5). Calculate the highest common divisor of u and 66.
6
Let b be -33 + 2 + (-2)/6*-3. Let a be 5/b + (4742/12 - 3). What is the highest common divisor of 56 and a?
56
Let x(i) = 5*i**3 - 52*i**2 + 148*i + 37. Let r be x(7). Suppose -2*c + 540 = c. What is the highest common divisor of c and r?
60
Let p = 948 + -947. Let y be (-7)/(-21)*-15 + 1625/p. What is the greatest common divisor of y and 60?
60
Let k be 124 - -12*15/10. Calculate the greatest common divisor of 18 and k.
2
Suppose -9*r + 14*r = d + 2080, 0 = 4*r - 2*d - 1664. Calculate the greatest common divisor of 48 and r.
16
Let q(y) be the first derivative of -y**2 - 11*y - 1. Let c be 40/(-16) - (2 + 19/2). Let k be q(c). What is the highest common divisor of k and 153?
17
Let b(o) = 22*o**2 - 5*o + 2720. Let i be b(0). Calculate the highest common factor of 2560 and i.
160
Suppose 2*g - 464 = 2*m, 5*g + m - 1605 = -433. What is the highest common factor of 18 and g?
18
Suppose -5*n + 5*g + 20505 = 1235, 2*n - 3*g - 7705 = 0. Calculate the highest common factor of n and 1995.
133
Suppose 0 = -2*m + 17*m - 405. What is the highest common divisor of 603 and m?
9
Let u(k) = 4*k**3 - 13*k**2 + 20*k. Let i be u(3). Calculate the greatest common divisor of 1632 and i.
51
Let d be ((-21)/(-9))/7 - (-609)/9. Let f = 973 - 429. What is the highest common factor of f and d?
68
Let y(h) = -8*h - 32. Let a be (-2 + 5/15)/(1/(-6)). Suppose -2*i = -a, -3*s = i - 2*i + 23. Let b be y(s). Calculate the greatest common factor of 48 and b.
16
Let h(j) = 106*j - 53. Let n be h(2). Let g = -152 + n. What is the highest common divisor of g and 301?
7
Let f(u) = -5*u**2 - 12 - 7*u**2 - 3*u**2 + 2*u + 16*u**2. Let t be f(6). Let d be 2 + (-6 - -2) + 6. Calculate the highest common divisor of t and d.
4
Let t be 1 + 2 - 2882/(-66)*186. Calculate the greatest common divisor of 26 and t.
13
Suppose 55*n - 48429 = 106451. Calculate the highest common factor of n and 1280.
256
Let p = -16 + 54. Suppose -28 = 2*q - p. Calculate the greatest common factor of q and 4.
1
Suppose -6 = b + 5*v - 41, 0 = 4*b - 3*v - 48. Suppose 0*m - 150 = b*m. Let a be (-7)/((4 - -1)/m). Calculate the greatest common factor of 7 and a.
7
Let p be (-192)/144 - 252/(-27). Let y(h) be the first derivative of h**3/3 + h**2/2 + 12*h - 1. Let i be y(0). Calculate the highest common factor of p and i.
4
Let r(n) = 22*n + 5. Let p be r(-5). Let u = 63 - p. Suppose -926 = -31*z - 88*z + 1573. What is the greatest common factor of u and z?
21
Let a = -25 - -42. Let m(n) = n**3 + 11*n**2 + 11*n + 2. Let q be m(-7). Let y = q + -2. Calculate the greatest common divisor of y and a.
17
Let y(b) = -b**3 - 4*b**2 + 434*b - 57. Let o be y(-23). What is the highest common divisor of 6972 and o?
12
Suppose -5*i = 3*c - 1781, -5*c + 4572 = 5*i + 1587. Calculate the greatest common divisor of c and 574.
14
Suppose -14 = -2*g + 5*q + 38, -68 = -5*g - 3*q. Suppose -3*k + 3 = 18. Let u be 1 + (-3 + 0)*k. What is the highest common divisor of g and u?
16
Suppose 12*w = 14*w + 12, -5*w = 4*a - 94. Calculate the greatest common factor of 13392 and a.
31
Let j = 13 - 8. Let x be ((-18)/(-4))/(6/88). Suppose j*b = -x + 1166. What is the greatest common divisor of b and 20?
20
Let t(p) = -25 + 2 - 6244*p + 6255*p. Let b be t(3). Calculate the highest common factor of 720 and b.
10
Suppose -4*j - 3282 = w, 3*j = 5*w + 320 - 2793. Let u = 854 + j. What is the greatest common factor of 143 and u?
11
Let l = 5959 + -5842. What is the greatest common factor of 45 and l?
9
Let t = -14681 - -14773. What is the highest common factor of t and 13662?
46
Suppose 5*v + 587 + 793 = 5*i, v + 556 = 2*i. What is the greatest common divisor of i and 385?
35
Let b = -33 + 49. Let u(w) = -14*w - 55. Let z be u(-4). Suppose 19*q - 24*q = a + z, -4*a + 20 = -4*q. What is the greatest common factor of a and b?
4
Let v be (1872/28)/((-33)/(-308)). What is the highest common divisor of 429 and v?
39
Suppose 27*j - y = 29*j - 81, 0 = 5*j - 15*y - 150. Calculate the highest common factor of j and 21060.
39
Let k(o) = -6*o - 52. Let b be k(-12). Suppose -34*i = -33*i - 15. Calculate the greatest common factor of i and b.
5
Let m be 6 - (-5 - (-10 - -1)). Suppose -15 = -5*g, -5*u + m*g = 4*g - 1146. What is the highest common divisor of u and 6?
6
Suppose -114 = 3*v - 0*v + 2*c, -5*v = 2*c + 190. Suppose -5*i + 172 = 2*l, l = -l - 3*i + 172. Let y = l + v. Calculate the highest common factor of 6 and y.
6
Suppose -2*q + 8 = 18. Let w be q/(-15)*15 + 306 + -5. What is the greatest common factor of 18 and w?
18
Let o be (-5 + -58)/7 - -544. Calculate the greatest common divisor of 2889 and o.
107
Suppose 7*d - 2*y + 728 = 10*d, 3*y - 252 = -d. Let t = d + -30. Calculate the highest common divisor of 30 and t.
30
Suppose 21 - 13 = 4*r. Suppose -r*t = -0*p + 4*p + 14, -2*p = 2*t + 4. Let w be (18/(-4)*-2)/(t/8). Calculate the highest common factor of w and 18.
6
Suppose 30 = 3*m - 0*m. Suppose 0 = -14*w + m*w - 140. Let t = -11 - w. What is the hi